{"id":901,"date":"2025-09-12T22:25:28","date_gmt":"2025-09-12T20:25:28","guid":{"rendered":"https:\/\/cotero.com.mx\/?post_type=product&#038;p=901"},"modified":"2025-09-12T22:25:29","modified_gmt":"2025-09-12T20:25:29","slug":"pulsera-de-ojo-turco","status":"publish","type":"product","link":"https:\/\/cotero.com.mx\/index.php\/producto\/pulsera-de-ojo-turco\/","title":{"rendered":"Pulsera de ojo turco"},"content":{"rendered":"<p>El ojo turco es mucho m\u00e1s que un elemento decorativo; se cree que es un poderoso amuleto de protecci\u00f3n contra las energ\u00edas negativas. En esta pulsera, el dise\u00f1o en concha n\u00e1car combina tradici\u00f3n y modernidad, permiti\u00e9ndote llevar contigo un significado profundo mientras realzas tu estilo personal. Los tonos verdes, rosados, amarillos y negros a\u00f1aden dinamismo y elegancia al conjunto, haciendo de esta pieza una excelente elecci\u00f3n tanto para regalar como para incluir en tu colecci\u00f3n de joyer\u00eda.<\/p>\n","protected":false},"excerpt":{"rendered":"<p>El ojo turco es mucho m\u00e1s que un elemento decorativo; se cree que es un poderoso amuleto de protecci\u00f3n contra las energ\u00edas negativas. En esta pulsera, el dise\u00f1o en concha n\u00e1car combina tradici\u00f3n y modernidad, permiti\u00e9ndote llevar contigo un significado profundo mientras realzas tu estilo personal. Los tonos verdes, rosados, amarillos y negros a\u00f1aden dinamismo [&hellip;]<\/p>\n","protected":false},"featured_media":902,"comment_status":"open","ping_status":"closed","template":"","meta":{"_joinchat":[]},"product_brand":[],"product_cat":[41,31],"product_tag":[],"class_list":{"0":"post-901","1":"product","2":"type-product","3":"status-publish","4":"has-post-thumbnail","6":"product_cat-plata","7":"product_cat-pulsos-y-tobilleras","9":"first","10":"instock","11":"shipping-taxable","12":"purchasable","13":"product-type-simple"},"_links":{"self":[{"href":"https:\/\/cotero.com.mx\/index.php\/wp-json\/wp\/v2\/product\/901","targetHints":{"allow":["GET"]}}],"collection":[{"href":"https:\/\/cotero.com.mx\/index.php\/wp-json\/wp\/v2\/product"}],"about":[{"href":"https:\/\/cotero.com.mx\/index.php\/wp-json\/wp\/v2\/types\/product"}],"replies":[{"embeddable":true,"href":"https:\/\/cotero.com.mx\/index.php\/wp-json\/wp\/v2\/comments?post=901"}],"wp:featuredmedia":[{"embeddable":true,"href":"https:\/\/cotero.com.mx\/index.php\/wp-json\/wp\/v2\/media\/902"}],"wp:attachment":[{"href":"https:\/\/cotero.com.mx\/index.php\/wp-json\/wp\/v2\/media?parent=901"}],"wp:term":[{"taxonomy":"product_brand","embeddable":true,"href":"https:\/\/cotero.com.mx\/index.php\/wp-json\/wp\/v2\/product_brand?post=901"},{"taxonomy":"product_cat","embeddable":true,"href":"https:\/\/cotero.com.mx\/index.php\/wp-json\/wp\/v2\/product_cat?post=901"},{"taxonomy":"product_tag","embeddable":true,"href":"https:\/\/cotero.com.mx\/index.php\/wp-json\/wp\/v2\/product_tag?post=901"}],"curies":[{"name":"wp","href":"https:\/\/api.w.org\/{rel}","templated":true}]}}